 = 8*c(f) + 3*o(f). Let q(w) = w + 14. Let m be q(-9). What is n(m)?
1
Let o(f) be the first derivative of 1/4*f**4 - 217 + 1/2*f**2 + 2/3*f**3 + 0*f. What is o(-1)?
0
Let t(p) be the first derivative of p**3/6 + 3*p**2 - 37*p + 62. Let k(i) be the first derivative of t(i). Determine k(3).
9
Let b(t) = -3*t - 16. Let r be b(-4). Let o be 323/(-76) - 1/r. Let f(c) = -c**2 - 5*c - 5. Give f(o).
-1
Let f be ((-2)/10)/((-6)/(-90)*-3). Let k(g) = 35*g**2 - 9*g**2 - 18*g**2 + g - 17*g**2 - g**3 - f. Give k(-9).
-10
Let y(a) = a**3 - 3*a**2 - 4*a - 7. Suppose 11*z = 680 + 1542. Suppose -6*r = -232 + z. What is y(r)?
23
Let v(w) = -542*w - 84 - 9*w**2 + w**3 + 540*w + 0*w**3. Let b be v(10). Let l(n) = -n**2 - 2. Give l(b).
-18
Let f(l) = -l**2 + 15*l + 131. Let o be f(21). Suppose h = 3, b - 4*h + 1482 = 6*b. Let v(r) = b - 146 + o*r - 147. Calculate v(-1).
-4
Let l(j) = 10*j**2 - j**3 - j**2 - 9*j**2. Let o(k) = 7*k**3 + k**2 - 3*k. Let z = 190 + -184. Let y(v) = z*l(v) + o(v). Calculate y(-3).
-9
Let y(k) = -19*k**2 + 16*k + 47. Let o(l) = 7*l**2 - 5*l - 16. Let v be (4/4)/((-1)/(-8)). Let u(m) = v*o(m) + 3*y(m). What is u(9)?
4
Let b(x) = 45*x - 27. Let c(v) = 7657*v - 4588. Let l(z) = -341*b(z) + 2*c(z). Calculate l(2).
-31
Let b(w) = w + 5. Suppose 0 = 15*c - 32 - 13. Suppose c*r - 3*x = -2*r + 12, -5 = -5*x. Determine b(r).
8
Let v(o) = -6*o - 12. Let g(b) = 7*b + 13. Let u(p) = 2*g(p) + 3*v(p). Let a(m) = -m**3 + 10*m**2 + 3459*m + 156. Let q be a(-54). Determine u(q).
14
Suppose 90*m - 307*m + 104*m = -93*m. Let k(u) be the first derivative of -u**3/3 + u**2/2 + 23*u + 3. Give k(m).
23
Let u(k) = -1458*k**2 + 709*k**2 - 5*k + 1 - 11*k + 744*k**2. Determine u(-3).
4
Let t(a) = -484*a + 6*a**2 + 42 - 92 + 376*a + 44. Give t(18).
-6
Let n be ((0/3)/(-2))/1. Let d(c) = -c**3 + c**2 + c + 11. Let k be d(n). Let w(x) = 27 - 4*x**2 + k*x + 6*x**2 - 3*x**2 - 37. Give w(10).
0
Let a(h) = -2*h + h**3 - 10*h**2 + 1956 - 11*h**2 - 953 - 18*h**2 - 926. Give a(39).
-1
Let u(v) = v**3 - 15*v**2 + 13*v - 15. Let l = 1281 + -1267. Determine u(l).
-29
Let s(p) = -7*p + 11. Let a(n) = -9*n + 23. Let k(w) = -3*a(w) + 4*s(w). Give k(-6).
-19
Let s(r) = -r**3 - 10*r**2 - 14*r + 3. Let a(k) = -5*k - 233. Let o be a(-45). What is s(o)?
-13
Let m(o) = 3*o**2 - 2*o - 9. Let y(d) = -d**2 - d - 2. Let u(p) = m(p) - 3*y(p). Determine u(3).
54
Let v(h) be the third derivative of 19*h**4/24 + h**3/2 - 2*h**2 - 29. Determine v(-4).
-73
Let t(u) be the third derivative of 11*u**5/60 - u**4/24 + u**3/6 + 1362*u**2. Calculate t(-2).
47
Let z(i) be the third derivative of -i**4/24 - 5*i**3/6 - 4*i**2. Let j = -3 - -3. Suppose j = l - 4*m - 10 - 2, 9 = -3*m. What is z(l)?
-5
Let x be (-28)/70*(15/(-2))/(-3). Let b(j) be the first derivative of 2*j**4 - j**2 - j + 2. What is b(x)?
-7
Let g(y) be the second derivative of y**2 - 10*y + 1/3*y**3 + 0. Let x = 37 + -33. Determine g(x).
10
Let q(p) = 127 + 14*p - 71 - 70 + p. What is q(5)?
61
Let y(j) = -j**3 + 6*j**2 + 2*j - 2. Let r be (5 - 6)*(0 - -1). Let p be -4*r/(-14) + 352/56. Determine y(p).
10
Suppose 0 = 8*o - 3*o + 5. Let w(h) be the second derivative of -7*h + 0*h**2 + 0*h**3 + 1/12*h**4 + 0. Determine w(o).
1
Suppose -13*q = -19*q + 354. Suppose -d - q = -67. Suppose 11 - d = -g. Let l(m) = 5*m - 4. Calculate l(g).
-19
Let r(q) = 11*q**3 - q**2 + 10*q - 10. Let g be ((-2 + 1)*22/(-22))/1. What is r(g)?
10
Let f(v) = v**2 - 4*v - 2. Let t = 56 - 50. Let s be 9/t*2*4. Let k be (4/s)/(4*(-3)/(-216)). What is f(k)?
10
Let c = 239 + -239. Suppose -10 = 3*g + 2*u + 2, -5*u = c. Let o(a) = -a**3 - 4*a**2 - 2*a. Give o(g).
8
Let x(z) = 49*z**2 + 40*z + 9. Let p(v) = 9*v**2 + 8*v + 2. Suppose r = -4*w - r + 42, -4*w = r - 43. Let t(d) = w*p(d) - 2*x(d). Give t(-6).
-8
Suppose 115*w - 6 = 118*w. Let y(s) be the third derivative of s**6/120 + s**5/60 - s**4/6 - s**3/2 - 81*s**2. What is y(w)?
1
Let n be 0/(-4)*(2 - 1). Let d(l) = 13*l - 46. Let k be d(5). Suppose n = -3*r - k + 4, 3*v - 16 = -r. Let t(y) = y**3 - 7*y**2 - y - 6. Determine t(v).
-13
Let n(t) = -5*t - 81. Let g be n(-14). Let a be (-3 + 2)*(-10 - g). Let j(q) = 36*q**2 - q - 1. Give j(a).
36
Let h(q) = -q**2 + 2*q - 5. Let p(c) = -2*c - 1. Let x = 35 - 38. Let z be p(x). Calculate h(z).
-20
Let q(a) = -a + 1. Let u(r) = 2*r - 8. Let i(h) = -q(h) - u(h). Let f be ((-13)/26)/((-2)/24). What is i(f)?
1
Let c(v) = -2*v + 4. Suppose 11 = -5*q + 5*l + 81, -5*l = 3*q - 10. Suppose -4 = 2*i - 4*r, -2*r + 14 - q = 0. Determine c(i).
0
Let n(z) = -z**2 - 2*z + 372. Suppose -3*b - 3*j = -63, b + 161 = 5*j + 164. What is n(b)?
12
Let j(l) be the third derivative of -24 + 0*l**3 + 1/8*l**4 + 0*l - 7/30*l**5 + l**2. Give j(2).
-50
Let j(o) = -6*o**3 + 2*o**2 - 5*o + 10. Let f(m) = -17*m**3 + 7*m**2 - 14*m + 27. Let c(p) = 4*f(p) - 11*j(p). Suppose 2 = r - 2. Calculate c(r).
-38
Let r(y) = -7*y**3 + y**2 + y + 2. Suppose 316*b - 312*b = 548. Let k = 139 - b. Calculate r(k).
-48
Let l(d) = 2*d**3 - 3*d**2 + 2*d + 6. Let u(t) = -1. Let y(k) = -l(k) - 6*u(k). Let s be 3 + -2 + (-1)/((-1)/1). Calculate y(s).
-8
Let j(b) = 8*b + 8*b - 9*b - 63 + 62. Give j(-6).
-43
Let l(s) = -8*s**2 - 171*s - 121. Let t(c) = 3*c**2 + 81*c + 60. Let g(o) = 3*l(o) + 7*t(o). Give g(19).
0
Let b(y) = 4*y - 4. Let f(u) = -u**2 - 11*u + 19. Let o(a) = 3*b(a) + f(a). Calculate o(-5).
-23
Let h(d) be the third derivative of -d**5/60 - 3*d**4/4 + 8*d**3/3 - 310*d**2. Determine h(-19).
-3
Let m(w) be the first derivative of w**4/4 - w**2 + 3*w - 586. What is m(-4)?
-53
Let o(a) = -23*a - 2 + 49*a**2 - 2*a - 14 - 51*a**2. Determine o(-12).
-4
Let d(m) = 6*m + 2. Let y = -4419 + 4415. Give d(y).
-22
Suppose 2*s - s = 5. Let h(x) = -x**2 - 1. Let n(v) = v**2 + 2. Let u(a) = a + 6. Let p(z) = -7*n(z) + 2*u(z). Let j(f) = s*h(f) - p(f). Calculate j(3).
9
Let a(d) = -3*d**3 + 18*d**2 + d - 7. Let q be -8 + 728/35 - 7 - (-2)/10. What is a(q)?
-1
Let v(r) = -15*r**3 + 16*r**3 + 10*r**2 - 11*r + 8*r**2 + 14*r**2 - 28*r**2. Give v(-5).
30
Let s be (-5)/(-70) - (-3105)/1610. Let w(i) be the first derivative of 5/2*i**2 - 25 + 1/4*i**4 - s*i**3 - i. Determine w(4).
-13
Suppose 3*g = -12*g + 15. Let f(q) = -2*q**3 + 8*q**2 - 11. Let k(u) = u**3 - 3*u**2 + 4. Suppose -4*x = 5 - 37. Let v(b) = x*k(b) + 3*f(b). What is v(g)?
1
Let i(b) be the first derivative of b**3 + b**2 - b + 1309. Give i(-5).
64
Let u(q) = -q**2 + 5. Let f be -20*(12/(-8) - -1)/1. Suppose -5*d = -0*d - s - 2, -5*s - f = 3*d. Determine u(d).
5
Let b(x) = -4*x - 17. Let t be b(-4). Let n(v) = 8*v**2 + 2*v + 2. Let l be n(t). Let g(m) = m**2 - 9*m - 9. Determine g(l).
-17
Let z(w) = -w**3 - 3*w**2 - 7*w + 13. Let m(x) = 3*x**3 + 8*x**2 + 21*x - 35. Let b(s) = -6*m(s) - 17*z(s). Calculate b(4).
-55
Let r(o) = -3*o**2 - 5*o - 196*o**3 - 27*o**2 + 194*o**3 - 7*o + 6*o**2 + 3. Give r(-11).
-107
Suppose 4*p + 21 = -3*t, -31*p - t = -34*p - 6. Let w(u) = -3*u - 10. Calculate w(p).
-1
Suppose 2*y = 6*y - 20. Suppose -6*z + 3*r + 72 = -3*z, r - 108 = -y*z. Suppose -17*t + z*t = 35. Let a(s) = -s**2 + 7*s - 4. Determine a(t).
-4
Let f(u) be the first derivative of -u**3/3 - 3*u**2 - u - 83. Let t(o) = -5*o**2 - 23*o - 5. Let a(c) = 18*f(c) - 4*t(c). Determine a(8).
2
Let l be (0 + -4)*3971/(-722). Let o(z) be the second derivative of 3/2*z**3 + l*z + 0 - 1/2*z**2. Give o(1).
8
Let g(h) = -10*h + 10. Let t(y) = 14*y - 10. Let j(x) = 4*g(x) + 3*t(x). What is j(-10)?
-10
Let a(z) = z**3 - 12*z**2 - 14*z - 33. Let c(k) = -k**2 + k + 5. Let b(v) = a(v) + 3*c(v). What is b(16)?
62
Let q(u) = -u**3 + 19*u**2 + 45*u - 66. Let h be q(21). Let b(r) = -9*r - 3. Let x(j) = 4*j + 1. Let n(y) = 2*b(y) + 5*x(y). Determine n(h).
-7
Let f(w) be the first derivative of -4*w - 12 - 1/4*w**4 - 8/3*w**3 - 5*w**2. Calculate f(-7).
17
Let m(o) = -19 + 3 + 8 + 9 + o + o**2. Let k(l) = l**2 + 18*l - 68. Let u be k(-21). Calculate m(u).
21
Let m(x) = x**2 + x. Let b(r) = -18*r**2 - 3*r. Let i(f) = b(f) + 2*m(f). Suppose 96*z - 223 = -127. Determine i(z).
-17
Let s(t) be the second derivative of 4*t**3/3 + t**2 - 42*t. Let y(i) = -65*i - 459. Let u be y(-7). Determine s(u).
-30
Let v(y) = 1225*y + 2451. Let w be v(-2). Let b(l) = -l**2 + l + 1. Let u(z) = 16*z**2 - 2*z - 7. Let o(h) = -5*b(